{"id":1974,"date":"2024-02-19T12:40:20","date_gmt":"2024-02-19T12:40:20","guid":{"rendered":"https:\/\/camp-barinica.com\/photo-gallery\/"},"modified":"2024-06-10T09:53:36","modified_gmt":"2024-06-10T09:53:36","slug":"fotogalerie","status":"publish","type":"page","link":"https:\/\/camp-barinica.com\/cs\/fotogalerie\/","title":{"rendered":"Fotogalerie"},"content":{"rendered":"","protected":false},"excerpt":{"rendered":"","protected":false},"author":1,"featured_media":0,"parent":0,"menu_order":0,"comment_status":"closed","ping_status":"closed","template":"","meta":{"_acf_changed":false,"slim_seo":{"title":"Fotogalerie - Camp Barinica - Primo\u0161ten","description":"Pod\u00edvejte se na vybran\u00e9 fotografie a z\u00edskejte pocit na\u0161\u00ed autentick\u00e9 atmosf\u00e9ry a kouzeln\u00fdch z\u00e1pady slunce v Camp Barinica.","facebook_image":"https:\/\/camp-barinica.com\/wp-content\/uploads\/camp-barinica-fb.jpg"}},"class_list":["post-1974","page","type-page","status-publish","hentry"],"acf":[],"_links":{"self":[{"href":"https:\/\/camp-barinica.com\/cs\/wp-json\/wp\/v2\/pages\/1974","targetHints":{"allow":["GET"]}}],"collection":[{"href":"https:\/\/camp-barinica.com\/cs\/wp-json\/wp\/v2\/pages"}],"about":[{"href":"https:\/\/camp-barinica.com\/cs\/wp-json\/wp\/v2\/types\/page"}],"author":[{"embeddable":true,"href":"https:\/\/camp-barinica.com\/cs\/wp-json\/wp\/v2\/users\/1"}],"replies":[{"embeddable":true,"href":"https:\/\/camp-barinica.com\/cs\/wp-json\/wp\/v2\/comments?post=1974"}],"version-history":[{"count":2,"href":"https:\/\/camp-barinica.com\/cs\/wp-json\/wp\/v2\/pages\/1974\/revisions"}],"predecessor-version":[{"id":1977,"href":"https:\/\/camp-barinica.com\/cs\/wp-json\/wp\/v2\/pages\/1974\/revisions\/1977"}],"wp:attachment":[{"href":"https:\/\/camp-barinica.com\/cs\/wp-json\/wp\/v2\/media?parent=1974"}],"curies":[{"name":"wp","href":"https:\/\/api.w.org\/{rel}","templated":true}]}}

Fotogalerie - Camp Barinica - Primošten

Podívejte se na vybrané fotografie a získejte pocit naší autentické atmosféry a kouzelných západy slunce v Camp Barinica.
